 of t.
13
Let w be 36 + (-10 + 8/2 - -3). Let f = 0 + 4. Suppose f = p - 3*n - 1, p + 4*n = w. What are the prime factors of p?
17
List the prime factors of (-2)/(12 - 6) - 1066/(-3).
5, 71
Suppose -q - 2*h + 35 + 8 = 0, 3*h = 2*q - 114. Suppose 8 = r - q. List the prime factors of r.
59
Let p be (-5)/4*1136/(-2). Suppose -235 = 5*i - p. Suppose -2*u = 3*u - i. List the prime factors of u.
19
Suppose -3*l + 0*p - 2 = 2*p, 0 = l + 2*p + 6. Suppose -3*k = l*w - 126, -2*w = 4*k + k - 122. What are the prime factors of w?
2, 3, 11
Suppose 148*m = 165*m - 6256. What are the prime factors of m?
2, 23
Suppose -a = 3*x - 6, 3*x - 4*x = 2*a - 2. Suppose a = 5*w - 0*w - 830. What are the prime factors of w?
2, 83
Let h(m) = -m**2 + m + 3. Let y be h(0). Let o(q) = 2*q + y + 3 - 1. List the prime factors of o(9).
23
Let i(g) = 3*g + 4. Let o be i(-3). Let c(m) = 2*m + 3. Let r be c(o). What are the prime factors of ((-2)/(-4))/(r/(-168))?
2, 3
Let w be 6 - -4 - 0/1. Suppose 0 = 4*n + n + w. List the prime factors of -2 + (50 - (-1 - n)).
47
Let t = 1445 - 304. List the prime factors of t.
7, 163
Let t(o) = 62*o + 83. List the prime factors of t(15).
1013
Let w(r) be the first derivative of r**3/3 + r**2/2 + 2*r - 5. Let l be w(-1). Suppose -2*h - 5*c + 168 = l*h, -h - c = -42. List the prime factors of h.
2, 3, 7
Let l(w) = 75*w**2 - 10*w - 8. List the prime factors of l(-5).
3, 71
Let b(y) be the first derivative of 1/2*y**2 - 5*y - 7 + 1/3*y**3. What are the prime factors of b(6)?
37
Let y = 13 - 76. Let m = 93 + y. Let u = m - 3. List the prime factors of u.
3
Let q(w) = -2*w**2 + 7*w + 24. Let y(d) = d**2 - 8*d - 25. Let b(n) = -2*q(n) - 3*y(n). List the prime factors of b(-15).
2, 3, 17
Suppose -5*p = 3*t - 4626, t - 10 = -4*t. Suppose -3*w = 15, -2*v + p - 311 = w. List the prime factors of v.
3, 103
Suppose -m - p + 1 = -3, 0 = -p. Let f(h) = 4*h**2 + 18*h - 19. Let a be f(1). Suppose a*b - b = -q, m*b - 4*q = 24. List the prime factors of b.
2
Let p(g) = 2*g**2 - 10*g + 5. Let s be p(5). List the prime factors of 115 + (-2 + 2)/(3 - s).
5, 23
Let i = 560 + -187. List the prime factors of i.
373
Let v be (-624)/(-36)*(-3)/(-2). Let j(i) = i - 2. Let q be j(6). Suppose -q*t + v = 2*a, t = -4*a - 2*t + 42. List the prime factors of a.
3
Let m be 70/25 - (-8)/(-10). Suppose 3*w = -m*w + 190. Let i = -20 + w. What are the prime factors of i?
2, 3
Suppose 0 = 2*t - t - 2, b - 1225 = 4*t. List the prime factors of b.
3, 137
Suppose 3*k = 4*d - d - 879, -281 = -d + 5*k. What are the prime factors of d?
2, 37
Let k = 2240 + -1123. List the prime factors of k.
1117
List the prime factors of 2147/(-2*(-3)/6).
19, 113
Suppose -2*k - 4 = 0, -z - k - 105 = -2*k. Let h = -64 - z. What are the prime factors of h - ((-3)/(-3) - -2)?
2, 5
Suppose -7 = -5*w - 17, 5*a + 3*w + 6 = 0. Let v be (a/2)/(0 + 1). Suppose 4 = s - v*s. What are the prime factors of s?
2
Let f = 1097 + -629. List the prime factors of f.
2, 3, 13
Suppose s - 14*j = -18*j + 2947, -5902 = -2*s - 4*j. List the prime factors of s.
3, 5, 197
Let b = 15 + -9. Suppose 8*t - 32 = b*t. Suppose -k = -9 - t. List the prime factors of k.
5
Let t be ((0 - -2) + 1)*2. Suppose -w + t = w. Suppose 0*s - w*s = -42. List the prime factors of s.
2, 7
Let o(b) be the first derivative of -b**4/4 - b**3 + 9*b**2 - 15*b - 15. What are the prime factors of o(-8)?
7, 23
Let c(o) = o**2 - 3*o - 4. Let q be c(4). Suppose q = 3*b + 4 - 19, -4*g = -3*b - 681. What are the prime factors of g?
2, 3, 29
Let z(t) = t + 52. Suppose 12*p - 5*p = 0. Let c be z(p). Suppose c = 2*i - 2*l, i - 2*i - l = -28. List the prime factors of i.
3
Let i = 412 - -11. What are the prime factors of i?
3, 47
What are the prime factors of (20216/380)/(((-24)/615)/(-4))?
7, 19, 41
Let r(x) be the first derivative of 10*x + 5/2*x**2 - 5 + 2/3*x**3. What are the prime factors of r(-5)?
5, 7
Suppose -2*i - k - 33 = 4*k, -4*i - 5*k - 51 = 0. Let j = i - -13. List the prime factors of 7/(-28) - (-85)/j.
3, 7
Let o(w) = w**3 + 10*w**2 + 5. Let y be o(-10). Suppose 31 = -y*r + 111. Let f = 30 - r. What are the prime factors of f?
2, 7
Suppose -3 = -69*t + 70*t + 4*c, 0 = -2*t + 4*c + 18. Let o = -6 + 4. What are the prime factors of 35 - (-3 + t - o)?
31
Let y be 46/(-4) - (-1 + (-2)/4). Let r(m) = m + 33. List the prime factors of r(y).
23
Suppose 3*k - 3*g + 216 = -2*k, -212 = 5*k - g. Let j = k + 85. Suppose q - 2*n - j = 0, n = 2*q - 1 - 73. What are the prime factors of q?
5, 7
Let p = 5469 + -1907. List the prime factors of p.
2, 13, 137
Let i = 19 + -17. Suppose 0 = i*n - 5*n - 36. List the prime factors of n/21 + 128/28.
2
Suppose 0 = -15*s + 30. List the prime factors of 104/(-78)*(-111)/s.
2, 37
Let y be (-2*(-3)/(-3))/(1/(-2)). Suppose -2*k + 8 = -y*k, 0 = d - 3*k - 97. What are the prime factors of d?
5, 17
Let k be 2/(-95)*-5 - 93/(-19). Suppose k*d - 2*d + 4*w = 456, 5*w = -15. What are the prime factors of d?
2, 3, 13
Suppose 3*t - 5*t + 10 = 0. Let d be t + -5 - (-1 + 1). Suppose -4*a = -d*a - 28. What are the prime factors of a?
7
Let w(n) = -n**2 - 4*n - 11. Let g be w(-5). List the prime factors of (-1)/(-4) - 1*492/g.
31
Let i(l) be the third derivative of l**4/12 + 7*l**3/6 + 6*l**2. Let z be i(-3). List the prime factors of 32 - (z + 0/(-1)).
31
Let u be ((-18)/27)/(4/(-18)). Suppose 0 = u*l - 9, -4*q + 2*q = 4*l - 94. What are the prime factors of q - (-7 - -3)/(-4)?
2, 5
List the prime factors of (-23)/(0/3 - 6/678).
23, 113
Let o(a) be the first derivative of -a**4/4 + a**3 + 2*a**2 - 1. Let l be o(4). Suppose -u + l = -2*i + 3, u - 5*i + 12 = 0. List the prime factors of u.
3
Let m = -8655 - -12989. What are the prime factors of m?
2, 11, 197
Suppose 5*k - k - y - 2224 = 0, -2*y = -8. What are the prime factors of k?
557
Let q = -38 - -32. Let d(x) = 3*x**2 + 10*x + 13. List the prime factors of d(q).
61
Suppose -3*p = 3*w + 2*p - 93, 0 = 4*w + 2*p - 110. Suppose 21 = -2*h + 7. Let j = w - h. List the prime factors of j.
3, 11
What are the prime factors of 18/15*-5 + (-25711)/(-7)?
19, 193
Let a be 5 + (-465)/(-10)*6. Suppose 5*u - u = a. List the prime factors of u.
71
Suppose 4271 = 3*c + 1646. Suppose -3*o - c = -5*f, 0*f + 3*f - 3*o = 519. List the prime factors of f.
2, 89
Let r(v) = v**2 - 3*v + 13. Suppose 5*h - 22 = -t, 2*h - 2*t - t = 19. Suppose -5*g = -40 + h. List the prime factors of r(g).
41
List the prime factors of (-69 + 0)*(-854)/366.
7, 23
Suppose 30 + 6 = -3*k. List the prime factors of 64 - (-1 + k/(-4)).
2, 31
Suppose 10*y = 5*y. Suppose y*j + 5 = -5*d - 5*j, 5*d = -2*j - 8. Let o = d + 6. List the prime factors of o.
2
Suppose c - 3 = 0, -f - c = 3*f - 515. Suppose -3*o - 4*q + 135 = -f, 0 = 3*o - 4*q - 295. List the prime factors of o.
3, 31
Let i = -730 + 2812. What are the prime factors of i?
2, 3, 347
Let h = -92 + 94. Suppose -h*y = 2*n - 218, -3*n + 34 = -y - 301. What are the prime factors of n?
3, 37
Suppose 3*q - 4 = 5. Suppose 5*s + 2*z = -2*z + 1189, q*s - 709 = 2*z. List the prime factors of s.
3, 79
List the prime factors of (-9832)/(-40)*(18/2 - 4).
1229
Suppose l - 4*c - 1886 = 0, -2*l + 5*l = -5*c + 5658. What are the prime factors of l?
2, 23, 41
Let z = -4164 - -7598. List the prime factors of z.
2, 17, 101
Let i be (-12)/(-15)*10/2. Suppose -5*q = i*w - 8*w - 40, -9 = 4*q + 5*w. Suppose q*m + 5 = 9*m, a + 2*m = 23. List the prime factors of a.
3, 7
Let x be -3 + (4 + 126 - 1). Suppose 3*a - x = 45. List the prime factors of a.
3, 19
Suppose 7*k - 6 = 4*k. Suppose k*f - 5*f = -42. What are the prime factors of f?
2, 7
Let m(r) = 78*r**2 - 35*r - 174. What are the prime factors of m(-6)?
2, 3, 79
Suppose 18 = -5*j + 3*j. Suppose h - t = 3*t - 3, 0 = -4*h - 5*t + 51. List the prime factors of 0 - h*30/j.
2, 3, 5
Let f = 22 + -13. Suppose -3 + f = 3*r. Suppose -29 - 1 = -r*u. What are the prime factors of u?
3, 5
Suppose -129*y + 131*y - 708 = 0. What are the prime factors of y?
2, 3, 59
What are the prime factors of ((-7)/((-42)/13401))/((-15)/(-20))?
2, 1489
Let c = 954 + -443. Let l = 814 - c. What are the prime factors of l?
3, 101
Suppose i = -p + 3 + 3, 2*p - 3*i + 8 = 0. Suppose -2*c = -3*u - 3, p*u = c - 5*c + 30. What are the prime factors of c?
2, 3
Suppose 4*o = -0*a - a + 2